se 16.
c2bb
What is 32 (base 5) in base 6?
25
4644 (base 8) to base 9
3342
What is -10011000101 (base 2) in base 4?
-103011
What is 26c2 (base 14) in base 16?
1ab2
6663 (base 7) to base 2
100101011101
Convert 6e1 (base 15) to base 11.
119a
What is 39458 (base 10) in base 16?
9a22
-643 (base 9) to base 11
-438
What is 4113 (base 13) in base 14?
33ad
What is -10082 (base 10) in base 12?
-5a02
What is 143c (base 14) in base 3?
11220200
Convert -311111 (base 5) to base 8.
-23654
-111156 (base 7) to base 10
-19641
What is -41231 (base 10) in base 11?
-28a83
Convert 2324 (base 6) to base 11.
466
-111327 (base 8) to base 7
-214411
Convert 266 (base 14) to base 16.
1e2
3838 (base 10) to base 14
1582
2566 (base 13) to base 3
21022011
What is -a69 (base 16) in base 2?
-101001101001
-7a0b (base 13) to base 12
-9a74
-410323 (base 5) to base 7
-53344
-5301 (base 9) to base 3
-12100001
155 (base 7) to base 9
108
What is -4332 (base 9) in base 3?
-11101002
What is -100010011100 (base 2) in base 16?
-89c
131130 (base 4) to base 12
1110
Convert 121043 (base 5) to base 4.
1012223
What is -2231 (base 7) in base 16?
-326
What is 160 (base 10) in base 4?
2200
Convert 6df (base 16) to base 12.
1027
Convert 7d (base 15) to base 10.
118
What is -111012212 (base 3) in base 6?
-112335
What is -1083 (base 14) in base 13?
-13bc
What is 50326 (base 9) in base 3?
1200100220
What is -16502 (base 8) in base 11?
-569a
6b61 (base 12) to base 5
341100
What is -343 (base 7) in base 15?
-bd
What is -7847 (base 9) in base 6?
-42454
What is 26325 (base 7) in base 4?
1231302
-13212 (base 4) to base 7
-1263
What is -43a2 (base 12) in base 5?
-214331
Convert -b65 (base 16) to base 9.
-4001
Convert 241 (base 12) to base 11.
287
What is -110021 (base 3) in base 4?
-11023
-1361 (base 8) to base 9
-1026
What is 2d32 (base 14) in base 12?
4814
Convert 1497 (base 14) to base 5.
104121
Convert -4613 (base 7) to base 8.
-3214
What is -69 (base 12) in base 15?
-56
Convert 12121 (base 9) to base 16.
1fb7
14920 (base 14) to base 8
143760
-1043245 (base 6) to base 2
-1100110101101101
What is -392 (base 13) in base 7?
-1553
Convert 801 (base 10) to base 7.
2223
What is 203 (base 7) in base 2?
1100101
-595 (base 11) to base 8
-1305
Convert -2013242 (base 5) to base 13.
-11934
What is 1010001 (base 2) in base 12?
69
Convert 434 (base 12) to base 15.
2b1
What is 1010 (base 7) in base 8?
536
3011 (base 6) to base 4
22033
What is 24178 (base 10) in base 11?
17190
-5352 (base 9) to base 11
-2a58
2841 (base 11) to base 13
1899
-839 (base 11) to base 5
-13020
What is 59 (base 16) in base 14?
65
Convert -1a485 (base 11) to base 15.
-86bd
c7a (base 15) to base 14
1051
What is 421 (base 13) in base 16?
2bf
Convert -16275 (base 9) to base 4.
-2232131
Convert -1010011011 (base 2) to base 8.
-1233
What is -34d (base 15) in base 4?
-23230
Convert -2222302 (base 4) to base 13.
-4c8a
695 (base 14) to base 11
a89
Convert -856 (base 9) to base 16.
-2bb
19a5a (base 13) to base 7
266030
Convert 610 (base 13) to base 3.
1102001
-15337 (base 8) to base 2
-1101011011111
What is 597 (base 11) in base 3?
222100
What is 365 (base 7) in base 16?
c2
Convert -122120 (base 3) to base 12.
-336
Convert 110111111000111 (base 2) to base 3.
1110020211
What is 837 (base 12) in base 11?
997
Convert 1331 (base 4) to base 11.
104
Convert 560a (base 15) to base 10.
18235
-123343 (base 5) to base 8
-11360
Convert 5593 (base 16) to base 4.
11112103
Convert 854 (base 16) to base 2.
100001010100
-2001021 (base 4) to base 8
-20111
What is 321 (base 15) in base 13?
424
13743 (base 8) to base 6
44151
Convert -5223 (base 7) to base 14.
-94a
What is -43507 (base 8) in base 10?
-18247
101 (base 12) to base 5
1040
What is -181 (base 12) in base 16?
-f1
Convert 11332212 (base 4) to base 13.
b1b7
1035 (base 7) to base 2
101110001
-37a1 (base 12) to base 3
-22122211
What is -11013 (base 4) in base 9?
-403
Convert -c1e9 (base 16) to base 14.
-1413b
Convert 12022 (base 3) to base 6.
355
Convert 4311 (base 11) to base 5.
140244
101000000001 (base 2) to base 8
5001
What is -12727 (base 8) in base 9?
-7602
Convert -11011133 (base 4) to base 5.
-1131311
-307c (base 14) to base 8
-20226
Convert 142003 (base 5) to base 2.
1011011110110
Convert -25d1 (base 14) to base 3.
-100010100
Convert 5054 (base 12) to base 14.
325a
What is 13288 (base 10) in base 4?
3033220
1110100100010 (base 2) to base 10
7458
Convert 232112 (base 6) to base 13.
90b0
What is 1000300 (base 5) in base 12?
9104
What is -b46 (base 15) in base 2?
-100111101101
Convert -4701 (base 8) to base 9.
-3374
Convert -22033323 (base 4) to base 16.
-a3fb
What is -202d (base 14) in base 6?
-41333
What is -e53 (base 16) in base 11?
-2834
What is -3314 (base 9) in base 3?
-10100111
Convert 11221020 (base 3) to base 15.
10ec
Convert 101010011111 (base 2) to base 15.
c14
What is 25a0 (base 12) in base 10?
4296
-413 (base 8) to base 2
-100001011
-53 (base 8) to base 3
-1121
-1112102010 (base 3) to base 14
-b005
Convert 2a2 (base 12) to base 6.
1522
6e1e (base 15) to base 6
300245
304 (base 9) to base 7
502
Convert -4070 (base 13) to base 10.
-8879
2635 (base 10) to base 2
101001001011
Convert 100210 (base 3) to base 5.
2024
What is -740 (base 13) in base 5?
-14420
-321 (base 7) to base 3
-20000
Convert -6518 (base 9) to base 6.
-34112
What is -48 (base 11) in base 3?
-1221
Convert 28059 (base 11) to base 14.
1080a
Convert 100222000 (base 3) to base 4.
1301133
-20121031 (base 4) to base 14
-c75b
-30032 (base 4) to base 15
-372
1fce (base 16) to base 5
230032
What is -17669 (base 10) in base 8?
-42405
Convert c16 (base 13) to base 9.
2724
What is -728 (base 11) in base 10?
-877
3403 (base 5) to base 7
1252
What is -44401 (base 6) in base 16?
-1831
13530 (base 6) to base 11
1678
What is 777 (base 8) in base 16?
1ff
111010111100100 (base 2) to base 10
30180
Convert 21c (base 13) to base 14.
1bd
513 (base 15) to base 12
7b3
Convert -3aa (base 13) to base 16.
-287
What is 5986 (base 11) in base 7?
31565
-264 (base 13) to base 16
-1a4
-1164 (base 10) to base 8
-2214
What is -101100011001 (base 2) in base 16?
-b19
What is -32a3 (base 11) in base 10?
-4348
1337 (base 10) to base 16
539
Convert -131322 (base 7) to base 12.
-12230
What is 100403 (base 7) in base 10?
17006
Convert 380 (base 11) to base 8.
703
What is -1413212 (base 5) in base 4?
-13013332
Convert -65416 (base 7) to base 8.
-37712
7a (base 13) to base 8
145
What is 2221 (base 4) in base 9?
207
What is 415425 (base 6) in base 3?
1201010222
-3523 (base 9) to base 11
-1a66
What is -1503 (base 6) in base 9?
-483
What is 6b6 (base 12) in base 10?
1002
-1767 (base 10) to base 3
-2102110
Convert 504551 (base 6) to base 3.
2000210211
What is 778 (base 16) in base 15?
877
Convert -21653 (base 7) to base 10.
-5477
-548 (base 13) to base 15
-405
Convert 6b73 (base 14) to base 9.
27611
Convert 422 (base 5) to base 15.
77
313432 (base 5) to base 2
10100011111100
Convert 22301 (base 6) to base 16.
c3d
What is -262c (base 14) in base 4?
-1220300
-5020 (base 8) to base 14
-d20
What is 1040 (base 11) in base 15?
61a
-50201 (base 6) to base 10
-6553
-681 (base 9) to base 12
-3a7
-52035 (base 8) to base 15
-65a8
What is e8e (base 15) in base 11?
2516
What is 78518 (base 10) in base 15?
183e8
Convert 11025 (base 8) to base 2.
1001000010101
What is 31413 (base 5) in base 9?
2802
-e37 (base 16) to base 11
-2809
What is 3d13 (base 14) in base 2?
10101000101101
Convert 629 (base 14) to base 5.
14323
a76a (base 16) to base 10
42858
-80f (base 16) to base 7
-6005
Convert -12324 (base 7) to base 8.
-6264
What is -3346 (base 8) in base 11?
-1366
What is -1619 (base 15) in base 14?
-1a33
Convert -10804 (base 11) to base 15.
-495d
-a707 (base 12) to base 8
-43567
-20890 (base 10) to base 14
-7882
Convert -29065 (base 12) to base 5.
-3311401
16ab (base 14) to base 7
14604
What is 9e (base 15) in base 3?
12112
Convert -30 (base 5) to base 3.
-120
-343 (base 7) to base 10
-178
Convert 9999 (base 12) to base 15.
5060
Convert 2113 (base 7) to base 10.
745
What is 495 (base 11) in base 13?
363
Convert -11011100001 (base 2) to base 16.
-6e1
Convert -64e8 (base 15) to base 16.
-5378
Convert -224 (base 13) to base 7.
-1034
What is 222020200 (base 3) in base 12?
b0a6
-1212330 (base 6) to